{"id":25883,"date":"2022-08-12T00:00:00","date_gmt":"2022-07-07T12:24:38","guid":{"rendered":"https:\/\/www.dasroteteam.de\/jusos\/?post_type=tribe_events&#038;p=25883"},"modified":"2022-07-07T14:34:04","modified_gmt":"2022-07-07T12:34:04","slug":"verbandswochenende-feuer-frei-es-ist-unsere-zukunft","status":"publish","type":"tribe_events","link":"https:\/\/www.dasroteteam.de\/jusos\/event\/verbandswochenende-feuer-frei-es-ist-unsere-zukunft\/","title":{"rendered":"Verbandswochenende &#8222;Feuer frei! Es ist unsere Zukunft!\u00e2\u20ac\u0153"},"content":{"rendered":"<p><img fetchpriority=\"high\" decoding=\"async\" class=\"aligncenter size-full wp-image-25890\" src=\"https:\/\/www.dasroteteam.de\/jusos\/wp-content\/uploads\/2022\/07\/Head_VW.png\" alt=\"\" width=\"1200\" height=\"628\" srcset=\"https:\/\/www.dasroteteam.de\/jusos\/wp-content\/uploads\/2022\/07\/Head_VW.png 1200w, https:\/\/www.dasroteteam.de\/jusos\/wp-content\/uploads\/2022\/07\/Head_VW-300x157.png 300w, https:\/\/www.dasroteteam.de\/jusos\/wp-content\/uploads\/2022\/07\/Head_VW-1030x539.png 1030w, https:\/\/www.dasroteteam.de\/jusos\/wp-content\/uploads\/2022\/07\/Head_VW-768x402.png 768w\" sizes=\"(max-width: 1200px) 100vw, 1200px\" \/><\/p>\n<p class=\"Normal tm5\"><span class=\"tm6\">Nach dem Landtagswahlkampf, s\u00c3\u00a4mtlichen Konferenzen und unserer Sommerpause werden wir uns im August an einem kompletten Wochenende in Diskussionsrunden und Workshops mit verschiedenen Themen auseinandersetzen. Neben all dem soll aber auch die abendliche Vernetzung nicht zu kurz kommen. Deshalb wird f\u00c3\u00bcr Unterhaltung von Spielen \u00c3\u00bcber Musik ebenfalls gesorgt. <\/span><\/p>\n<p class=\"Normal tm5\"><span class=\"tm6\">Die Teilnahme am Seminar umfasst Fr\u00c3\u00bchst\u00c3\u00bcck, Mittagessen und Abendbrot von Freitagnachmittag bis inklusive Sonntagmittag. F\u00c3\u00bcr \u00c3\u0153bernachtung und Verpflegung wird ein Teilnahmebeitrag von 15 Euro f\u00c3\u00bcr Nichtverdienende und 30 Euro f\u00c3\u00bcr Verdienende berechnet. Die entsprechenden Hinweise zur Zahlung werden nach der Anmeldung versendet.<\/span><\/p>\n<p><strong>Ort: JH Porta Westfalica, Kirchsiek 30\u00c2\u00a0<\/strong><br \/>\n<strong>Datum: 12. &#8211; 14-08.2022<\/strong><\/p>\n<p><em><strong><span class=\"tm6\">Zu eurem eigenen Schutz und dem der anderen Teilnehmer*innen solltet ihr euch am Anreisetag sowie an jedem weiteren Seminartag auf Corona testen. Tests werden zur Verf\u00c3\u00bcgung gestellt. Au\u00c3\u0178erdem solltet ihr mindestens zweimal gegen Corona geimpft sein.<\/span><\/strong><\/em><\/p>\n<h3><strong><span class=\"tm6\">Anmeldung zum Verbandswochenende ,,Feuer frei! Es ist unsere Zukunft!\u00e2\u20ac\u0153: 12.-14.08.2022 in der Jugendherberge Porta Westfalica<\/span><\/strong><\/h3>\n\n<div class=\"wpcf7 no-js\" id=\"wpcf7-f2499-o1\" lang=\"de-DE\" dir=\"ltr\" data-wpcf7-id=\"2499\">\n<div class=\"screen-reader-response\"><p role=\"status\" aria-live=\"polite\" aria-atomic=\"true\"><\/p> <ul><\/ul><\/div>\n<form action=\"\/jusos\/wp-json\/wp\/v2\/tribe_events\/25883#wpcf7-f2499-o1\" method=\"post\" class=\"wpcf7-form init\" aria-label=\"Kontaktformular\" novalidate=\"novalidate\" data-status=\"init\">\n<fieldset class=\"hidden-fields-container\"><input type=\"hidden\" name=\"_wpcf7\" value=\"2499\" \/><input type=\"hidden\" name=\"_wpcf7_version\" value=\"6.1.5\" \/><input type=\"hidden\" name=\"_wpcf7_locale\" value=\"de_DE\" \/><input type=\"hidden\" name=\"_wpcf7_unit_tag\" value=\"wpcf7-f2499-o1\" \/><input type=\"hidden\" name=\"_wpcf7_container_post\" value=\"0\" \/><input type=\"hidden\" name=\"_wpcf7_posted_data_hash\" value=\"\" \/>\n<\/fieldset>\n<p><label> Name (Pflichtfeld)<br \/>\n<span class=\"wpcf7-form-control-wrap\" data-name=\"your-name\"><input size=\"40\" maxlength=\"400\" class=\"wpcf7-form-control wpcf7-text wpcf7-validates-as-required\" aria-required=\"true\" aria-invalid=\"false\" value=\"\" type=\"text\" name=\"your-name\" \/><\/span> <\/label>\n<\/p>\n<p><label> E-Mail-Adresse (Pflichtfeld)<br \/>\n<span class=\"wpcf7-form-control-wrap\" data-name=\"your-email\"><input size=\"40\" maxlength=\"400\" class=\"wpcf7-form-control wpcf7-email wpcf7-validates-as-required wpcf7-text wpcf7-validates-as-email\" aria-required=\"true\" aria-invalid=\"false\" value=\"\" type=\"email\" name=\"your-email\" \/><\/span> <\/label>\n<\/p>\n<p><label> Wohnort (Pflichtfeld)<br \/>\n<span class=\"wpcf7-form-control-wrap\" data-name=\"text-wohnort\"><input size=\"40\" maxlength=\"400\" class=\"wpcf7-form-control wpcf7-text wpcf7-validates-as-required\" aria-required=\"true\" aria-invalid=\"false\" value=\"\" type=\"text\" name=\"text-wohnort\" \/><\/span><\/label>\n<\/p>\n<p><label> Alter (Pflichtfeld)<br \/>\n<span class=\"wpcf7-form-control-wrap\" data-name=\"text-alter\"><input size=\"40\" maxlength=\"400\" class=\"wpcf7-form-control wpcf7-text wpcf7-validates-as-required\" aria-required=\"true\" aria-invalid=\"false\" value=\"\" type=\"text\" name=\"text-alter\" \/><\/span><\/label>\n<\/p>\n<p><label> Geschlecht (Pflichtfeld)<br \/>\n<span class=\"wpcf7-form-control-wrap\" data-name=\"Geschlecht\"><select class=\"wpcf7-form-control wpcf7-select wpcf7-validates-as-required\" aria-required=\"true\" aria-invalid=\"false\" name=\"Geschlecht\"><option value=\"\">&#8211; Bitte ausw\u00e4hlen &#8211;<\/option><option value=\"M\">M<\/option><option value=\"W\">W<\/option><option value=\"D\">D<\/option><\/select><\/span><\/label>\n<\/p>\n<p><label> Besonderer Wunsch bei der Ern\u00e4hrung bzw. Allergien<br \/>\n<span class=\"wpcf7-form-control-wrap\" data-name=\"menu-essen\"><select class=\"wpcf7-form-control wpcf7-select\" aria-invalid=\"false\" name=\"menu-essen\"><option value=\"\">&#8211; Bitte ausw\u00e4hlen &#8211;<\/option><option value=\"Vegan\">Vegan<\/option><option value=\"Vegetarisch\">Vegetarisch<\/option><\/select><\/span><\/label>\n<\/p>\n<p><span class=\"wpcf7-form-control-wrap\" data-name=\"text-478\"><input size=\"40\" maxlength=\"400\" class=\"wpcf7-form-control wpcf7-text\" aria-invalid=\"false\" placeholder=\"Hier Unvertr\u00e4glichkeiten eintragen!\" value=\"\" type=\"text\" name=\"text-478\" \/><\/span>\n<\/p>\n<p>M\u00f6glicherweise wei\u00dft du schon, dass du zum Verbandswochenende kommen m\u00f6chtest, aber an einem der Tage noch einen anderen Termin hast. Zur besseren Planung von Workshops und Verpflegung teil uns am besten so fr\u00fch wie m\u00f6glich mit. Hier kannst du angeben, ob du das ganze Wochenende oder nur zu bestimmten Zeiten anwesend sein wirst. Wenn du planst, das ganze Wochenende da zu sein, reicht die Auswahl \"Komplett (Freitag-Sonntag)\"\n<\/p>\n<p><span class=\"wpcf7-form-control-wrap\" data-name=\"menu-212\"><select class=\"wpcf7-form-control wpcf7-select wpcf7-validates-as-required\" aria-required=\"true\" aria-invalid=\"false\" name=\"menu-212\"><option value=\"\">&#8211; Bitte ausw\u00e4hlen &#8211;<\/option><option value=\"Komplett (Freitag-Sonntag)\">Komplett (Freitag-Sonntag)<\/option><option value=\"Freitag\">Freitag<\/option><option value=\"Freitag &amp; Samstag\">Freitag &amp; Samstag<\/option><option value=\"Samstag\">Samstag<\/option><option value=\"Samstag &amp; Sonntag\">Samstag &amp; Sonntag<\/option><option value=\"Sonntag\">Sonntag<\/option><\/select><\/span> (Pflichtfeld)\n<\/p>\n<p><label> Sonstige Hinweise:<br \/>\n<span class=\"wpcf7-form-control-wrap\" data-name=\"text-146\"><input size=\"40\" maxlength=\"400\" class=\"wpcf7-form-control wpcf7-text\" aria-invalid=\"false\" value=\"\" type=\"text\" name=\"text-146\" \/><\/span><\/label>\n<\/p>\n<p><span class=\"wpcf7-form-control-wrap\" data-name=\"acceptance-608\"><span class=\"wpcf7-form-control wpcf7-acceptance\"><span class=\"wpcf7-list-item\"><label><input type=\"checkbox\" name=\"acceptance-608\" value=\"1\" aria-invalid=\"false\" \/><span class=\"wpcf7-list-item-label\">\"Ich melde mich hiermit verbindlich f\u00fcr das Verbandswochenende der Jusos Minden-L\u00fcbbecke \"Jusos vs. Wild\" vom 12.07.-14.07.2024 an und stimme der Verarbeitung meiner Daten in diesem Zusammenhang zu.\"<\/span><\/label><\/span><\/span><\/span>\n<\/p>\n<p><input class=\"wpcf7-form-control wpcf7-submit has-spinner\" type=\"submit\" value=\"Senden\" \/>\n<\/p><div class=\"wpcf7-response-output\" aria-hidden=\"true\"><\/div>\n<\/form>\n<\/div>\n\n","protected":false},"excerpt":{"rendered":"<p>Nach dem Landtagswahlkampf, s\u00c3\u00a4mtlichen Konferenzen und unserer Sommerpause werden wir uns im August an einem kompletten Wochenende in Diskussionsrunden und Workshops mit verschiedenen Themen auseinandersetzen. Neben all dem soll aber [&hellip;]<\/p>\n","protected":false},"author":2,"featured_media":0,"template":"","meta":{"_uag_custom_page_level_css":"","site-sidebar-layout":"default","site-content-layout":"default","ast-site-content-layout":"default","site-content-style":"default","site-sidebar-style":"default","ast-global-header-display":"","ast-banner-title-visibility":"","ast-main-header-display":"","ast-hfb-above-header-display":"","ast-hfb-below-header-display":"","ast-hfb-mobile-header-display":"","site-post-title":"","ast-breadcrumbs-content":"","ast-featured-img":"","footer-sml-layout":"","ast-disable-related-posts":"","theme-transparent-header-meta":"default","adv-header-id-meta":"","stick-header-meta":"","header-above-stick-meta":"","header-main-stick-meta":"","header-below-stick-meta":"","astra-migrate-meta-layouts":"default","ast-page-background-enabled":"default","ast-page-background-meta":{"desktop":{"background-color":"var(--ast-global-color-4)","background-image":"","background-repeat":"repeat","background-position":"center center","background-size":"auto","background-attachment":"scroll","background-type":"","background-media":"","overlay-type":"","overlay-color":"","overlay-opacity":"","overlay-gradient":""},"tablet":{"background-color":"","background-image":"","background-repeat":"repeat","background-position":"center center","background-size":"auto","background-attachment":"scroll","background-type":"","background-media":"","overlay-type":"","overlay-color":"","overlay-opacity":"","overlay-gradient":""},"mobile":{"background-color":"","background-image":"","background-repeat":"repeat","background-position":"center center","background-size":"auto","background-attachment":"scroll","background-type":"","background-media":"","overlay-type":"","overlay-color":"","overlay-opacity":"","overlay-gradient":""}},"ast-content-background-meta":{"desktop":{"background-color":"var(--ast-global-color-5)","background-image":"","background-repeat":"repeat","background-position":"center center","background-size":"auto","background-attachment":"scroll","background-type":"","background-media":"","overlay-type":"","overlay-color":"","overlay-opacity":"","overlay-gradient":""},"tablet":{"background-color":"var(--ast-global-color-5)","background-image":"","background-repeat":"repeat","background-position":"center center","background-size":"auto","background-attachment":"scroll","background-type":"","background-media":"","overlay-type":"","overlay-color":"","overlay-opacity":"","overlay-gradient":""},"mobile":{"background-color":"var(--ast-global-color-5)","background-image":"","background-repeat":"repeat","background-position":"center center","background-size":"auto","background-attachment":"scroll","background-type":"","background-media":"","overlay-type":"","overlay-color":"","overlay-opacity":"","overlay-gradient":""}},"_tribe_events_status":"","_tribe_events_status_reason":"","footnotes":""},"tags":[],"tribe_events_cat":[],"class_list":["post-25883","tribe_events","type-tribe_events","status-publish","hentry"],"uagb_featured_image_src":{"full":false,"thumbnail":false,"medium":false,"medium_large":false,"large":false,"1536x1536":false,"2048x2048":false,"slide-thumbnail":false},"uagb_author_info":{"display_name":"Redaktion","author_link":"https:\/\/www.dasroteteam.de\/jusos\/author\/vogelje\/"},"uagb_comment_info":0,"uagb_excerpt":"Nach dem Landtagswahlkampf, s\u00c3\u00a4mtlichen Konferenzen und unserer Sommerpause werden wir uns im August an einem kompletten Wochenende in Diskussionsrunden und Workshops mit verschiedenen Themen auseinandersetzen. Neben all dem soll aber [&hellip;]","_links":{"self":[{"href":"https:\/\/www.dasroteteam.de\/jusos\/wp-json\/wp\/v2\/tribe_events\/25883","targetHints":{"allow":["GET"]}}],"collection":[{"href":"https:\/\/www.dasroteteam.de\/jusos\/wp-json\/wp\/v2\/tribe_events"}],"about":[{"href":"https:\/\/www.dasroteteam.de\/jusos\/wp-json\/wp\/v2\/types\/tribe_events"}],"author":[{"embeddable":true,"href":"https:\/\/www.dasroteteam.de\/jusos\/wp-json\/wp\/v2\/users\/2"}],"version-history":[{"count":0,"href":"https:\/\/www.dasroteteam.de\/jusos\/wp-json\/wp\/v2\/tribe_events\/25883\/revisions"}],"wp:attachment":[{"href":"https:\/\/www.dasroteteam.de\/jusos\/wp-json\/wp\/v2\/media?parent=25883"}],"wp:term":[{"taxonomy":"post_tag","embeddable":true,"href":"https:\/\/www.dasroteteam.de\/jusos\/wp-json\/wp\/v2\/tags?post=25883"},{"taxonomy":"tribe_events_cat","embeddable":true,"href":"https:\/\/www.dasroteteam.de\/jusos\/wp-json\/wp\/v2\/tribe_events_cat?post=25883"}],"curies":[{"name":"wp","href":"https:\/\/api.w.org\/{rel}","templated":true}]}}

Verbandswochenende &#8222;Feuer frei! Es ist unsere Zukunft!â€œ

<p><img fetchpriority="high" decoding="async" class="aligncenter size-full wp-image-25890" src="https://www.dasroteteam.de/jusos/wp-content/uploads/2022/07/Head_VW.png" alt="" width="1200" height="628" srcset="https://www.dasroteteam.de/jusos/wp-content/uploads/2022/07/Head_VW.png 1200w, https://www.dasroteteam.de/jusos/wp-content/uploads/2022/07/Head_VW-300x157.png 300w, https://www.dasroteteam.de/jusos/wp-content/uploads/2022/07/Head_VW-1030x539.png 1030w, https://www.dasroteteam.de/jusos/wp-content/uploads/2022/07/Head_VW-768x402.png 768w" sizes="(max-width: 1200px) 100vw, 1200px" /></p>
<p class="Normal tm5"><span class="tm6">Nach dem Landtagswahlkampf, sÃ¤mtlichen Konferenzen und unserer Sommerpause werden wir uns im August an einem kompletten Wochenende in Diskussionsrunden und Workshops mit verschiedenen Themen auseinandersetzen. Neben all dem soll aber auch die abendliche Vernetzung nicht zu kurz kommen. Deshalb wird fÃ¼r Unterhaltung von Spielen Ã¼ber Musik ebenfalls gesorgt. </span></p>
<p class="Normal tm5"><span class="tm6">Die Teilnahme am Seminar umfasst FrÃ¼hstÃ¼ck, Mittagessen und Abendbrot von Freitagnachmittag bis inklusive Sonntagmittag. FÃ¼r Ãœbernachtung und Verpflegung wird ein Teilnahmebeitrag von 15 Euro fÃ¼r Nichtverdienende und 30 Euro fÃ¼r Verdienende berechnet. Die entsprechenden Hinweise zur Zahlung werden nach der Anmeldung versendet.</span></p>
<p><strong>Ort: JH Porta Westfalica, Kirchsiek 30Â </strong><br />
<strong>Datum: 12. &#8211; 14-08.2022</strong></p>
<p><em><strong><span class="tm6">Zu eurem eigenen Schutz und dem der anderen Teilnehmer*innen solltet ihr euch am Anreisetag sowie an jedem weiteren Seminartag auf Corona testen. Tests werden zur VerfÃ¼gung gestellt. AuÃŸerdem solltet ihr mindestens zweimal gegen Corona geimpft sein.</span></strong></em></p>
<h3><strong><span class="tm6">Anmeldung zum Verbandswochenende ,,Feuer frei! Es ist unsere Zukunft!â€œ: 12.-14.08.2022 in der Jugendherberge Porta Westfalica</span></strong></h3>

<div class="wpcf7 no-js" id="wpcf7-f2499-o1" lang="de-DE" dir="ltr" data-wpcf7-id="2499">
<div class="screen-reader-response"><p role="status" aria-live="polite" aria-atomic="true"></p> <ul></ul></div>
<form action="/jusos/wp-json/wp/v2/tribe_events/25883#wpcf7-f2499-o1" method="post" class="wpcf7-form init" aria-label="Kontaktformular" novalidate="novalidate" data-status="init">
<fieldset class="hidden-fields-container"><input type="hidden" name="_wpcf7" value="2499" /><input type="hidden" name="_wpcf7_version" value="6.1.5" /><input type="hidden" name="_wpcf7_locale" value="de_DE" /><input type="hidden" name="_wpcf7_unit_tag" value="wpcf7-f2499-o1" /><input type="hidden" name="_wpcf7_container_post" value="0" /><input type="hidden" name="_wpcf7_posted_data_hash" value="" />
</fieldset>
<p><label> Name (Pflichtfeld)<br />
<span class="wpcf7-form-control-wrap" data-name="your-name"><input size="40" maxlength="400" class="wpcf7-form-control wpcf7-text wpcf7-validates-as-required" aria-required="true" aria-invalid="false" value="" type="text" name="your-name" /></span> </label>
</p>
<p><label> E-Mail-Adresse (Pflichtfeld)<br />
<span class="wpcf7-form-control-wrap" data-name="your-email"><input size="40" maxlength="400" class="wpcf7-form-control wpcf7-email wpcf7-validates-as-required wpcf7-text wpcf7-validates-as-email" aria-required="true" aria-invalid="false" value="" type="email" name="your-email" /></span> </label>
</p>
<p><label> Wohnort (Pflichtfeld)<br />
<span class="wpcf7-form-control-wrap" data-name="text-wohnort"><input size="40" maxlength="400" class="wpcf7-form-control wpcf7-text wpcf7-validates-as-required" aria-required="true" aria-invalid="false" value="" type="text" name="text-wohnort" /></span></label>
</p>
<p><label> Alter (Pflichtfeld)<br />
<span class="wpcf7-form-control-wrap" data-name="text-alter"><input size="40" maxlength="400" class="wpcf7-form-control wpcf7-text wpcf7-validates-as-required" aria-required="true" aria-invalid="false" value="" type="text" name="text-alter" /></span></label>
</p>
<p><label> Geschlecht (Pflichtfeld)<br />
<span class="wpcf7-form-control-wrap" data-name="Geschlecht"><select class="wpcf7-form-control wpcf7-select wpcf7-validates-as-required" aria-required="true" aria-invalid="false" name="Geschlecht"><option value="">&#8211; Bitte auswählen &#8211;</option><option value="M">M</option><option value="W">W</option><option value="D">D</option></select></span></label>
</p>
<p><label> Besonderer Wunsch bei der Ernährung bzw. Allergien<br />
<span class="wpcf7-form-control-wrap" data-name="menu-essen"><select class="wpcf7-form-control wpcf7-select" aria-invalid="false" name="menu-essen"><option value="">&#8211; Bitte auswählen &#8211;</option><option value="Vegan">Vegan</option><option value="Vegetarisch">Vegetarisch</option></select></span></label>
</p>
<p><span class="wpcf7-form-control-wrap" data-name="text-478"><input size="40" maxlength="400" class="wpcf7-form-control wpcf7-text" aria-invalid="false" placeholder="Hier Unverträglichkeiten eintragen!" value="" type="text" name="text-478" /></span>
</p>
<p>Möglicherweise weißt du schon, dass du zum Verbandswochenende kommen möchtest, aber an einem der Tage noch einen anderen Termin hast. Zur besseren Planung von Workshops und Verpflegung teil uns am besten so früh wie möglich mit. Hier kannst du angeben, ob du das ganze Wochenende oder nur zu bestimmten Zeiten anwesend sein wirst. Wenn du planst, das ganze Wochenende da zu sein, reicht die Auswahl "Komplett (Freitag-Sonntag)"
</p>
<p><span class="wpcf7-form-control-wrap" data-name="menu-212"><select class="wpcf7-form-control wpcf7-select wpcf7-validates-as-required" aria-required="true" aria-invalid="false" name="menu-212"><option value="">&#8211; Bitte auswählen &#8211;</option><option value="Komplett (Freitag-Sonntag)">Komplett (Freitag-Sonntag)</option><option value="Freitag">Freitag</option><option value="Freitag &amp; Samstag">Freitag &amp; Samstag</option><option value="Samstag">Samstag</option><option value="Samstag &amp; Sonntag">Samstag &amp; Sonntag</option><option value="Sonntag">Sonntag</option></select></span> (Pflichtfeld)
</p>
<p><label> Sonstige Hinweise:<br />
<span class="wpcf7-form-control-wrap" data-name="text-146"><input size="40" maxlength="400" class="wpcf7-form-control wpcf7-text" aria-invalid="false" value="" type="text" name="text-146" /></span></label>
</p>
<p><span class="wpcf7-form-control-wrap" data-name="acceptance-608"><span class="wpcf7-form-control wpcf7-acceptance"><span class="wpcf7-list-item"><label><input type="checkbox" name="acceptance-608" value="1" aria-invalid="false" /><span class="wpcf7-list-item-label">"Ich melde mich hiermit verbindlich für das Verbandswochenende der Jusos Minden-Lübbecke "Jusos vs. Wild" vom 12.07.-14.07.2024 an und stimme der Verarbeitung meiner Daten in diesem Zusammenhang zu."</span></label></span></span></span>
</p>
<p><input class="wpcf7-form-control wpcf7-submit has-spinner" type="submit" value="Senden" />
</p><div class="wpcf7-response-output" aria-hidden="true"></div>
</form>
</div>

<p>Nach dem Landtagswahlkampf, sÃ¤mtlichen Konferenzen und unserer Sommerpause werden wir uns im August an einem kompletten Wochenende in Diskussionsrunden und Workshops mit verschiedenen Themen auseinandersetzen. Neben all dem soll aber [&hellip;]</p>

Nach dem Landtagswahlkampf, sÃ¤mtlichen Konferenzen und unserer Sommerpause werden wir uns im August an einem kompletten Wochenende in Diskussionsrunden und Workshops mit verschiedenen Themen auseinandersetzen. Neben all dem soll aber [&hellip;]
