{"id":2500,"date":"2024-06-07T11:20:35","date_gmt":"2024-06-07T09:20:35","guid":{"rendered":"https:\/\/www.dasroteteam.de\/jusos\/?page_id=2500"},"modified":"2024-06-07T21:26:10","modified_gmt":"2024-06-07T19:26:10","slug":"mitgliederseminar","status":"publish","type":"page","link":"https:\/\/www.dasroteteam.de\/jusos\/mitgliederseminar\/","title":{"rendered":"Verbandswochenende 2024"},"content":{"rendered":"<p><img fetchpriority=\"high\" decoding=\"async\" class=\"alignright wp-image-26060 size-medium\" src=\"https:\/\/www.dasroteteam.de\/jusos\/wp-content\/uploads\/2024\/06\/IMG-20240601-WA0010-300x300.jpg\" alt=\"\" width=\"300\" height=\"300\" srcset=\"https:\/\/www.dasroteteam.de\/jusos\/wp-content\/uploads\/2024\/06\/IMG-20240601-WA0010-300x300.jpg 300w, https:\/\/www.dasroteteam.de\/jusos\/wp-content\/uploads\/2024\/06\/IMG-20240601-WA0010-1030x1030.jpg 1030w, https:\/\/www.dasroteteam.de\/jusos\/wp-content\/uploads\/2024\/06\/IMG-20240601-WA0010-80x80.jpg 80w, https:\/\/www.dasroteteam.de\/jusos\/wp-content\/uploads\/2024\/06\/IMG-20240601-WA0010-768x768.jpg 768w, https:\/\/www.dasroteteam.de\/jusos\/wp-content\/uploads\/2024\/06\/IMG-20240601-WA0010.jpg 1080w\" sizes=\"(max-width: 300px) 100vw, 300px\" \/><\/p>\n<p>Nach einem Jahr Pause ist es wieder soweit! Verbandswochenende der Jusos Minden-L\u00fcbbecke. Das letzte Mal, war schon mega und wir haben richtig Lust dies mit euch zu wiederholen. Diesmal tauschen wir allerdings die Jugendherberge gegen Zelte.<\/p>\n<p>Vom <strong>12.07. bis 14.07.<\/strong> m\u00f6chten wir mit euch campen gehen! Das Juso Camp wird an dem <strong>Freitag um 15.00 Uhr <\/strong>losgehen und vorraussichtlich am <strong>Sonntag bis 14.00 Uhr <\/strong>dauern. Der Ort wird in den n\u00e4chsten Tagen bekannt gegeben.<\/p>\n<p>Es wird spannende Workshops zu den Themen Klimaschutz, Antifaschismus, Feminismus und Kommunalpolitik geben. Au\u00dferdem laden wir interessante G\u00e4st*innen f\u00fcr die Lagerfeuergespr\u00e4che am Abend ein.Neben der thematischen Arbeit erwartet euch aber aufjedenfall jede Menge Spa\u00df und die ein oder andere \u00dcberraschung.<\/p>\n<p>Das Juso Sommer-Camp ist die beste M\u00f6glichkeit sich mit den anderen Jusos aus dem Kreis zu connecten und dabei noch einiges an Wissen mitzunehmen.<\/p>\n<p>So ein Wochenende muss nat\u00fcrlich auch finanziert werden. Um einen kleinen Teil der Kosten zu decken, f\u00e4llt ein Eigenanteil von 15\u20ac pro Teilnehmer*innen bzw. 30\u20ac f\u00fcr verdienende Teilnehmer*innen an.<\/p>\n<p>Wir haben dein Interesse geweckt? Dann meld dich jetzt an, f\u00fcr unser Verbandswochenende \u201eJusos vs. Wild\u201c!<\/p>\n<p>Alle weiteren Infos bekommen die angemeldeten Teilnehmer*innen demn\u00e4chst zugeschickt.<\/p>\n<p>Wir freuen uns auf eure Anmeldungen!<\/p>\n<p><strong style=\"font-size: 1.5em;\"><span class=\"tm6\">Anmeldung zum Verbandswochenende &#8222;Jusos vs. Wild&#8220;: 12.-14.07.2024<\/span><\/strong><\/p>\n\n<div class=\"wpcf7 no-js\" id=\"wpcf7-f2499-o1\" lang=\"de-DE\" dir=\"ltr\" data-wpcf7-id=\"2499\">\n<div class=\"screen-reader-response\"><p role=\"status\" aria-live=\"polite\" aria-atomic=\"true\"><\/p> <ul><\/ul><\/div>\n<form action=\"\/jusos\/wp-json\/wp\/v2\/pages\/2500#wpcf7-f2499-o1\" method=\"post\" class=\"wpcf7-form init\" aria-label=\"Kontaktformular\" novalidate=\"novalidate\" data-status=\"init\">\n<fieldset class=\"hidden-fields-container\"><input type=\"hidden\" name=\"_wpcf7\" value=\"2499\" \/><input type=\"hidden\" name=\"_wpcf7_version\" value=\"6.1.5\" \/><input type=\"hidden\" name=\"_wpcf7_locale\" value=\"de_DE\" \/><input type=\"hidden\" name=\"_wpcf7_unit_tag\" value=\"wpcf7-f2499-o1\" \/><input type=\"hidden\" name=\"_wpcf7_container_post\" value=\"0\" \/><input type=\"hidden\" name=\"_wpcf7_posted_data_hash\" value=\"\" \/>\n<\/fieldset>\n<p><label> Name (Pflichtfeld)<br \/>\n<span class=\"wpcf7-form-control-wrap\" data-name=\"your-name\"><input size=\"40\" maxlength=\"400\" class=\"wpcf7-form-control wpcf7-text wpcf7-validates-as-required\" aria-required=\"true\" aria-invalid=\"false\" value=\"\" type=\"text\" name=\"your-name\" \/><\/span> <\/label>\n<\/p>\n<p><label> E-Mail-Adresse (Pflichtfeld)<br \/>\n<span class=\"wpcf7-form-control-wrap\" data-name=\"your-email\"><input size=\"40\" maxlength=\"400\" class=\"wpcf7-form-control wpcf7-email wpcf7-validates-as-required wpcf7-text wpcf7-validates-as-email\" aria-required=\"true\" aria-invalid=\"false\" value=\"\" type=\"email\" name=\"your-email\" \/><\/span> <\/label>\n<\/p>\n<p><label> Wohnort (Pflichtfeld)<br \/>\n<span class=\"wpcf7-form-control-wrap\" data-name=\"text-wohnort\"><input size=\"40\" maxlength=\"400\" class=\"wpcf7-form-control wpcf7-text wpcf7-validates-as-required\" aria-required=\"true\" aria-invalid=\"false\" value=\"\" type=\"text\" name=\"text-wohnort\" \/><\/span><\/label>\n<\/p>\n<p><label> Alter (Pflichtfeld)<br \/>\n<span class=\"wpcf7-form-control-wrap\" data-name=\"text-alter\"><input size=\"40\" maxlength=\"400\" class=\"wpcf7-form-control wpcf7-text wpcf7-validates-as-required\" aria-required=\"true\" aria-invalid=\"false\" value=\"\" type=\"text\" name=\"text-alter\" \/><\/span><\/label>\n<\/p>\n<p><label> Geschlecht (Pflichtfeld)<br \/>\n<span class=\"wpcf7-form-control-wrap\" data-name=\"Geschlecht\"><select class=\"wpcf7-form-control wpcf7-select wpcf7-validates-as-required\" aria-required=\"true\" aria-invalid=\"false\" name=\"Geschlecht\"><option value=\"\">&#8211; Bitte ausw\u00e4hlen &#8211;<\/option><option value=\"M\">M<\/option><option value=\"W\">W<\/option><option value=\"D\">D<\/option><\/select><\/span><\/label>\n<\/p>\n<p><label> Besonderer Wunsch bei der Ern\u00e4hrung bzw. Allergien<br \/>\n<span class=\"wpcf7-form-control-wrap\" data-name=\"menu-essen\"><select class=\"wpcf7-form-control wpcf7-select\" aria-invalid=\"false\" name=\"menu-essen\"><option value=\"\">&#8211; Bitte ausw\u00e4hlen &#8211;<\/option><option value=\"Vegan\">Vegan<\/option><option value=\"Vegetarisch\">Vegetarisch<\/option><\/select><\/span><\/label>\n<\/p>\n<p><span class=\"wpcf7-form-control-wrap\" data-name=\"text-478\"><input size=\"40\" maxlength=\"400\" class=\"wpcf7-form-control wpcf7-text\" aria-invalid=\"false\" placeholder=\"Hier Unvertr\u00e4glichkeiten eintragen!\" value=\"\" type=\"text\" name=\"text-478\" \/><\/span>\n<\/p>\n<p>M\u00f6glicherweise wei\u00dft du schon, dass du zum Verbandswochenende kommen m\u00f6chtest, aber an einem der Tage noch einen anderen Termin hast. Zur besseren Planung von Workshops und Verpflegung teil uns am besten so fr\u00fch wie m\u00f6glich mit. Hier kannst du angeben, ob du das ganze Wochenende oder nur zu bestimmten Zeiten anwesend sein wirst. Wenn du planst, das ganze Wochenende da zu sein, reicht die Auswahl \"Komplett (Freitag-Sonntag)\"\n<\/p>\n<p><span class=\"wpcf7-form-control-wrap\" data-name=\"menu-212\"><select class=\"wpcf7-form-control wpcf7-select wpcf7-validates-as-required\" aria-required=\"true\" aria-invalid=\"false\" name=\"menu-212\"><option value=\"\">&#8211; Bitte ausw\u00e4hlen &#8211;<\/option><option value=\"Komplett (Freitag-Sonntag)\">Komplett (Freitag-Sonntag)<\/option><option value=\"Freitag\">Freitag<\/option><option value=\"Freitag &amp; Samstag\">Freitag &amp; Samstag<\/option><option value=\"Samstag\">Samstag<\/option><option value=\"Samstag &amp; Sonntag\">Samstag &amp; Sonntag<\/option><option value=\"Sonntag\">Sonntag<\/option><\/select><\/span> (Pflichtfeld)\n<\/p>\n<p><label> Sonstige Hinweise:<br \/>\n<span class=\"wpcf7-form-control-wrap\" data-name=\"text-146\"><input size=\"40\" maxlength=\"400\" class=\"wpcf7-form-control wpcf7-text\" aria-invalid=\"false\" value=\"\" type=\"text\" name=\"text-146\" \/><\/span><\/label>\n<\/p>\n<p><span class=\"wpcf7-form-control-wrap\" data-name=\"acceptance-608\"><span class=\"wpcf7-form-control wpcf7-acceptance\"><span class=\"wpcf7-list-item\"><label><input type=\"checkbox\" name=\"acceptance-608\" value=\"1\" aria-invalid=\"false\" \/><span class=\"wpcf7-list-item-label\">\"Ich melde mich hiermit verbindlich f\u00fcr das Verbandswochenende der Jusos Minden-L\u00fcbbecke \"Jusos vs. Wild\" vom 12.07.-14.07.2024 an und stimme der Verarbeitung meiner Daten in diesem Zusammenhang zu.\"<\/span><\/label><\/span><\/span><\/span>\n<\/p>\n<p><input class=\"wpcf7-form-control wpcf7-submit has-spinner\" type=\"submit\" value=\"Senden\" \/>\n<\/p><div class=\"wpcf7-response-output\" aria-hidden=\"true\"><\/div>\n<\/form>\n<\/div>\n\n","protected":false},"excerpt":{"rendered":"<p>Nach einem Jahr Pause ist es wieder soweit! Verbandswochenende der Jusos Minden-L\u00fcbbecke. Das letzte Mal, war schon mega und wir haben richtig Lust dies mit euch zu wiederholen. Diesmal tauschen [&hellip;]<\/p>\n","protected":false},"author":2,"featured_media":0,"parent":0,"menu_order":0,"comment_status":"closed","ping_status":"closed","template":"","meta":{"_uag_custom_page_level_css":"","site-sidebar-layout":"default","site-content-layout":"default","ast-site-content-layout":"default","site-content-style":"default","site-sidebar-style":"default","ast-global-header-display":"","ast-banner-title-visibility":"","ast-main-header-display":"","ast-hfb-above-header-display":"","ast-hfb-below-header-display":"","ast-hfb-mobile-header-display":"","site-post-title":"","ast-breadcrumbs-content":"","ast-featured-img":"","footer-sml-layout":"","ast-disable-related-posts":"","theme-transparent-header-meta":"default","adv-header-id-meta":"","stick-header-meta":"","header-above-stick-meta":"","header-main-stick-meta":"","header-below-stick-meta":"","astra-migrate-meta-layouts":"set","ast-page-background-enabled":"default","ast-page-background-meta":{"desktop":{"background-color":"var(--ast-global-color-4)","background-image":"","background-repeat":"repeat","background-position":"center center","background-size":"auto","background-attachment":"scroll","background-type":"","background-media":"","overlay-type":"","overlay-color":"","overlay-opacity":"","overlay-gradient":""},"tablet":{"background-color":"","background-image":"","background-repeat":"repeat","background-position":"center center","background-size":"auto","background-attachment":"scroll","background-type":"","background-media":"","overlay-type":"","overlay-color":"","overlay-opacity":"","overlay-gradient":""},"mobile":{"background-color":"","background-image":"","background-repeat":"repeat","background-position":"center center","background-size":"auto","background-attachment":"scroll","background-type":"","background-media":"","overlay-type":"","overlay-color":"","overlay-opacity":"","overlay-gradient":""}},"ast-content-background-meta":{"desktop":{"background-color":"var(--ast-global-color-5)","background-image":"","background-repeat":"repeat","background-position":"center center","background-size":"auto","background-attachment":"scroll","background-type":"","background-media":"","overlay-type":"","overlay-color":"","overlay-opacity":"","overlay-gradient":""},"tablet":{"background-color":"var(--ast-global-color-5)","background-image":"","background-repeat":"repeat","background-position":"center center","background-size":"auto","background-attachment":"scroll","background-type":"","background-media":"","overlay-type":"","overlay-color":"","overlay-opacity":"","overlay-gradient":""},"mobile":{"background-color":"var(--ast-global-color-5)","background-image":"","background-repeat":"repeat","background-position":"center center","background-size":"auto","background-attachment":"scroll","background-type":"","background-media":"","overlay-type":"","overlay-color":"","overlay-opacity":"","overlay-gradient":""}},"footnotes":""},"class_list":["post-2500","page","type-page","status-publish","hentry"],"uagb_featured_image_src":{"full":false,"thumbnail":false,"medium":false,"medium_large":false,"large":false,"1536x1536":false,"2048x2048":false,"slide-thumbnail":false},"uagb_author_info":{"display_name":"Redaktion","author_link":"https:\/\/www.dasroteteam.de\/jusos\/author\/vogelje\/"},"uagb_comment_info":0,"uagb_excerpt":"Nach einem Jahr Pause ist es wieder soweit! Verbandswochenende der Jusos Minden-L\u00fcbbecke. Das letzte Mal, war schon mega und wir haben richtig Lust dies mit euch zu wiederholen. Diesmal tauschen [&hellip;]","_links":{"self":[{"href":"https:\/\/www.dasroteteam.de\/jusos\/wp-json\/wp\/v2\/pages\/2500","targetHints":{"allow":["GET"]}}],"collection":[{"href":"https:\/\/www.dasroteteam.de\/jusos\/wp-json\/wp\/v2\/pages"}],"about":[{"href":"https:\/\/www.dasroteteam.de\/jusos\/wp-json\/wp\/v2\/types\/page"}],"author":[{"embeddable":true,"href":"https:\/\/www.dasroteteam.de\/jusos\/wp-json\/wp\/v2\/users\/2"}],"replies":[{"embeddable":true,"href":"https:\/\/www.dasroteteam.de\/jusos\/wp-json\/wp\/v2\/comments?post=2500"}],"version-history":[{"count":0,"href":"https:\/\/www.dasroteteam.de\/jusos\/wp-json\/wp\/v2\/pages\/2500\/revisions"}],"wp:attachment":[{"href":"https:\/\/www.dasroteteam.de\/jusos\/wp-json\/wp\/v2\/media?parent=2500"}],"curies":[{"name":"wp","href":"https:\/\/api.w.org\/{rel}","templated":true}]}}

<p><img fetchpriority="high" decoding="async" class="alignright wp-image-26060 size-medium" src="https://www.dasroteteam.de/jusos/wp-content/uploads/2024/06/IMG-20240601-WA0010-300x300.jpg" alt="" width="300" height="300" srcset="https://www.dasroteteam.de/jusos/wp-content/uploads/2024/06/IMG-20240601-WA0010-300x300.jpg 300w, https://www.dasroteteam.de/jusos/wp-content/uploads/2024/06/IMG-20240601-WA0010-1030x1030.jpg 1030w, https://www.dasroteteam.de/jusos/wp-content/uploads/2024/06/IMG-20240601-WA0010-80x80.jpg 80w, https://www.dasroteteam.de/jusos/wp-content/uploads/2024/06/IMG-20240601-WA0010-768x768.jpg 768w, https://www.dasroteteam.de/jusos/wp-content/uploads/2024/06/IMG-20240601-WA0010.jpg 1080w" sizes="(max-width: 300px) 100vw, 300px" /></p>
<p>Nach einem Jahr Pause ist es wieder soweit! Verbandswochenende der Jusos Minden-Lübbecke. Das letzte Mal, war schon mega und wir haben richtig Lust dies mit euch zu wiederholen. Diesmal tauschen wir allerdings die Jugendherberge gegen Zelte.</p>
<p>Vom <strong>12.07. bis 14.07.</strong> möchten wir mit euch campen gehen! Das Juso Camp wird an dem <strong>Freitag um 15.00 Uhr </strong>losgehen und vorraussichtlich am <strong>Sonntag bis 14.00 Uhr </strong>dauern. Der Ort wird in den nächsten Tagen bekannt gegeben.</p>
<p>Es wird spannende Workshops zu den Themen Klimaschutz, Antifaschismus, Feminismus und Kommunalpolitik geben. Außerdem laden wir interessante Gäst*innen für die Lagerfeuergespräche am Abend ein.Neben der thematischen Arbeit erwartet euch aber aufjedenfall jede Menge Spaß und die ein oder andere Überraschung.</p>
<p>Das Juso Sommer-Camp ist die beste Möglichkeit sich mit den anderen Jusos aus dem Kreis zu connecten und dabei noch einiges an Wissen mitzunehmen.</p>
<p>So ein Wochenende muss natürlich auch finanziert werden. Um einen kleinen Teil der Kosten zu decken, fällt ein Eigenanteil von 15€ pro Teilnehmer*innen bzw. 30€ für verdienende Teilnehmer*innen an.</p>
<p>Wir haben dein Interesse geweckt? Dann meld dich jetzt an, für unser Verbandswochenende „Jusos vs. Wild“!</p>
<p>Alle weiteren Infos bekommen die angemeldeten Teilnehmer*innen demnächst zugeschickt.</p>
<p>Wir freuen uns auf eure Anmeldungen!</p>
<p><strong style="font-size: 1.5em;"><span class="tm6">Anmeldung zum Verbandswochenende &#8222;Jusos vs. Wild&#8220;: 12.-14.07.2024</span></strong></p>

<div class="wpcf7 no-js" id="wpcf7-f2499-o1" lang="de-DE" dir="ltr" data-wpcf7-id="2499">
<div class="screen-reader-response"><p role="status" aria-live="polite" aria-atomic="true"></p> <ul></ul></div>
<form action="/jusos/wp-json/wp/v2/pages/2500#wpcf7-f2499-o1" method="post" class="wpcf7-form init" aria-label="Kontaktformular" novalidate="novalidate" data-status="init">
<fieldset class="hidden-fields-container"><input type="hidden" name="_wpcf7" value="2499" /><input type="hidden" name="_wpcf7_version" value="6.1.5" /><input type="hidden" name="_wpcf7_locale" value="de_DE" /><input type="hidden" name="_wpcf7_unit_tag" value="wpcf7-f2499-o1" /><input type="hidden" name="_wpcf7_container_post" value="0" /><input type="hidden" name="_wpcf7_posted_data_hash" value="" />
</fieldset>
<p><label> Name (Pflichtfeld)<br />
<span class="wpcf7-form-control-wrap" data-name="your-name"><input size="40" maxlength="400" class="wpcf7-form-control wpcf7-text wpcf7-validates-as-required" aria-required="true" aria-invalid="false" value="" type="text" name="your-name" /></span> </label>
</p>
<p><label> E-Mail-Adresse (Pflichtfeld)<br />
<span class="wpcf7-form-control-wrap" data-name="your-email"><input size="40" maxlength="400" class="wpcf7-form-control wpcf7-email wpcf7-validates-as-required wpcf7-text wpcf7-validates-as-email" aria-required="true" aria-invalid="false" value="" type="email" name="your-email" /></span> </label>
</p>
<p><label> Wohnort (Pflichtfeld)<br />
<span class="wpcf7-form-control-wrap" data-name="text-wohnort"><input size="40" maxlength="400" class="wpcf7-form-control wpcf7-text wpcf7-validates-as-required" aria-required="true" aria-invalid="false" value="" type="text" name="text-wohnort" /></span></label>
</p>
<p><label> Alter (Pflichtfeld)<br />
<span class="wpcf7-form-control-wrap" data-name="text-alter"><input size="40" maxlength="400" class="wpcf7-form-control wpcf7-text wpcf7-validates-as-required" aria-required="true" aria-invalid="false" value="" type="text" name="text-alter" /></span></label>
</p>
<p><label> Geschlecht (Pflichtfeld)<br />
<span class="wpcf7-form-control-wrap" data-name="Geschlecht"><select class="wpcf7-form-control wpcf7-select wpcf7-validates-as-required" aria-required="true" aria-invalid="false" name="Geschlecht"><option value="">&#8211; Bitte auswählen &#8211;</option><option value="M">M</option><option value="W">W</option><option value="D">D</option></select></span></label>
</p>
<p><label> Besonderer Wunsch bei der Ernährung bzw. Allergien<br />
<span class="wpcf7-form-control-wrap" data-name="menu-essen"><select class="wpcf7-form-control wpcf7-select" aria-invalid="false" name="menu-essen"><option value="">&#8211; Bitte auswählen &#8211;</option><option value="Vegan">Vegan</option><option value="Vegetarisch">Vegetarisch</option></select></span></label>
</p>
<p><span class="wpcf7-form-control-wrap" data-name="text-478"><input size="40" maxlength="400" class="wpcf7-form-control wpcf7-text" aria-invalid="false" placeholder="Hier Unverträglichkeiten eintragen!" value="" type="text" name="text-478" /></span>
</p>
<p>Möglicherweise weißt du schon, dass du zum Verbandswochenende kommen möchtest, aber an einem der Tage noch einen anderen Termin hast. Zur besseren Planung von Workshops und Verpflegung teil uns am besten so früh wie möglich mit. Hier kannst du angeben, ob du das ganze Wochenende oder nur zu bestimmten Zeiten anwesend sein wirst. Wenn du planst, das ganze Wochenende da zu sein, reicht die Auswahl "Komplett (Freitag-Sonntag)"
</p>
<p><span class="wpcf7-form-control-wrap" data-name="menu-212"><select class="wpcf7-form-control wpcf7-select wpcf7-validates-as-required" aria-required="true" aria-invalid="false" name="menu-212"><option value="">&#8211; Bitte auswählen &#8211;</option><option value="Komplett (Freitag-Sonntag)">Komplett (Freitag-Sonntag)</option><option value="Freitag">Freitag</option><option value="Freitag &amp; Samstag">Freitag &amp; Samstag</option><option value="Samstag">Samstag</option><option value="Samstag &amp; Sonntag">Samstag &amp; Sonntag</option><option value="Sonntag">Sonntag</option></select></span> (Pflichtfeld)
</p>
<p><label> Sonstige Hinweise:<br />
<span class="wpcf7-form-control-wrap" data-name="text-146"><input size="40" maxlength="400" class="wpcf7-form-control wpcf7-text" aria-invalid="false" value="" type="text" name="text-146" /></span></label>
</p>
<p><span class="wpcf7-form-control-wrap" data-name="acceptance-608"><span class="wpcf7-form-control wpcf7-acceptance"><span class="wpcf7-list-item"><label><input type="checkbox" name="acceptance-608" value="1" aria-invalid="false" /><span class="wpcf7-list-item-label">"Ich melde mich hiermit verbindlich für das Verbandswochenende der Jusos Minden-Lübbecke "Jusos vs. Wild" vom 12.07.-14.07.2024 an und stimme der Verarbeitung meiner Daten in diesem Zusammenhang zu."</span></label></span></span></span>
</p>
<p><input class="wpcf7-form-control wpcf7-submit has-spinner" type="submit" value="Senden" />
</p><div class="wpcf7-response-output" aria-hidden="true"></div>
</form>
</div>

<p>Nach einem Jahr Pause ist es wieder soweit! Verbandswochenende der Jusos Minden-Lübbecke. Das letzte Mal, war schon mega und wir haben richtig Lust dies mit euch zu wiederholen. Diesmal tauschen [&hellip;]</p>

Nach einem Jahr Pause ist es wieder soweit! Verbandswochenende der Jusos Minden-Lübbecke. Das letzte Mal, war schon mega und wir haben richtig Lust dies mit euch zu wiederholen. Diesmal tauschen [&hellip;]
